{"id":23,"date":"2015-02-10T16:00:20","date_gmt":"2015-02-10T16:00:20","guid":{"rendered":"http:\/\/test.oliver-ketzer.de\/?page_id=23"},"modified":"2017-05-10T09:07:56","modified_gmt":"2017-05-10T09:07:56","slug":"im-stadtteil","status":"publish","type":"page","link":"https:\/\/www.oliver-ketzer.de\/?page_id=23","title":{"rendered":"Im Stadtteil"},"content":{"rendered":"<p>F\u00fcr den Stadtteil ist mir besonders wichtig, die Entwicklung unserer Einkaufsm\u00f6glichkeiten. In vielen Gespr\u00e4chen konnte ich in Erfahrung bringen was den Menschen vor Ort fehlt.<\/p>\n<p>Ich habe dahingehend mit den entsprechenden Unternehmen Kontakt aufgenommen um zu sondieren, ob die Unternehmen sich den Standort Schonnebeck in betracht ziehen k\u00f6nnen.<\/p>\n<p>Der Neubau des Aldi 1, ist sicherlich nur ein Anfang, dennoch wird auch in naher Zukunft \u00fcber die Gestaltung des Schonnebecker Marktplatzes zu reden sein, die Ausgestaltung des Wochenmarktes sowie dessen Erhalt, aber auch der \u00d6PNV wird sicherlich Thema werden.<\/p>\n<p>Im Bezug auf den \u00d6PNV werden Gespr\u00e4che mit der EVAG gef\u00fchrt werden m\u00fcssen, was den Zustand der Bushaltestellen, die Anbringung neuer Fahrpl\u00e4ne sowie die Parksituation im Riegelweg, Ecke Drostenbusch, wo Busse teilweise sehr starke Probleme durch die Parksituation der Anwohner haben, angeht.<\/p>\n<p>Die Wohnqualit\u00e4t in Schonnebeck ist ein weiteres Thema \u00fcber das zu sprechen sein wird. Dabei geht es um die Sanierung der vorhandenen Wohnungen durch die Wohnungsbaugesellschaften, die Pflege der Gr\u00fcnfl\u00e4schen um die bebauten Grundst\u00fccke, aber nicht zuletzt auch die Situation an der Huestrasse, die sich aktuell alles andere als vorteilhaft zeigt. Nicht zuletzt aufgrund der Parksituation, die sich an der Huhestrasse mittlerweile eingeb\u00fcrgert hat.<\/p>\n<p>Gemeinsam werden wir das hinbekommen, unseren Stadtteil lebens- und liebenswert zu gestalten.<\/p>\n<p>&nbsp;<\/p>\n<p>&nbsp;<\/p>\n","protected":false},"excerpt":{"rendered":"<p>F\u00fcr den Stadtteil ist mir besonders wichtig, die Entwicklung unserer Einkaufsm\u00f6glichkeiten. In vielen Gespr\u00e4chen konnte ich in Erfahrung bringen was den Menschen vor Ort fehlt. Ich habe dahingehend mit den <a class=\"more-link\" href=\"https:\/\/www.oliver-ketzer.de\/?page_id=23\">[ . . . ]<\/a><\/p>\n","protected":false},"author":1,"featured_media":0,"parent":0,"menu_order":0,"comment_status":"closed","ping_status":"closed","template":"","meta":{"footnotes":""},"class_list":["post-23","page","type-page","status-publish","hentry"],"_links":{"self":[{"href":"https:\/\/www.oliver-ketzer.de\/index.php?rest_route=\/wp\/v2\/pages\/23","targetHints":{"allow":["GET"]}}],"collection":[{"href":"https:\/\/www.oliver-ketzer.de\/index.php?rest_route=\/wp\/v2\/pages"}],"about":[{"href":"https:\/\/www.oliver-ketzer.de\/index.php?rest_route=\/wp\/v2\/types\/page"}],"author":[{"embeddable":true,"href":"https:\/\/www.oliver-ketzer.de\/index.php?rest_route=\/wp\/v2\/users\/1"}],"replies":[{"embeddable":true,"href":"https:\/\/www.oliver-ketzer.de\/index.php?rest_route=%2Fwp%2Fv2%2Fcomments&post=23"}],"version-history":[{"count":3,"href":"https:\/\/www.oliver-ketzer.de\/index.php?rest_route=\/wp\/v2\/pages\/23\/revisions"}],"predecessor-version":[{"id":35,"href":"https:\/\/www.oliver-ketzer.de\/index.php?rest_route=\/wp\/v2\/pages\/23\/revisions\/35"}],"wp:attachment":[{"href":"https:\/\/www.oliver-ketzer.de\/index.php?rest_route=%2Fwp%2Fv2%2Fmedia&parent=23"}],"curies":[{"name":"wp","href":"https:\/\/api.w.org\/{rel}","templated":true}]}}

<p>Für den Stadtteil ist mir besonders wichtig, die Entwicklung unserer Einkaufsmöglichkeiten. In vielen Gesprächen konnte ich in Erfahrung bringen was den Menschen vor Ort fehlt.</p>
<p>Ich habe dahingehend mit den entsprechenden Unternehmen Kontakt aufgenommen um zu sondieren, ob die Unternehmen sich den Standort Schonnebeck in betracht ziehen können.</p>
<p>Der Neubau des Aldi 1, ist sicherlich nur ein Anfang, dennoch wird auch in naher Zukunft über die Gestaltung des Schonnebecker Marktplatzes zu reden sein, die Ausgestaltung des Wochenmarktes sowie dessen Erhalt, aber auch der ÖPNV wird sicherlich Thema werden.</p>
<p>Im Bezug auf den ÖPNV werden Gespräche mit der EVAG geführt werden müssen, was den Zustand der Bushaltestellen, die Anbringung neuer Fahrpläne sowie die Parksituation im Riegelweg, Ecke Drostenbusch, wo Busse teilweise sehr starke Probleme durch die Parksituation der Anwohner haben, angeht.</p>
<p>Die Wohnqualität in Schonnebeck ist ein weiteres Thema über das zu sprechen sein wird. Dabei geht es um die Sanierung der vorhandenen Wohnungen durch die Wohnungsbaugesellschaften, die Pflege der Grünfläschen um die bebauten Grundstücke, aber nicht zuletzt auch die Situation an der Huestrasse, die sich aktuell alles andere als vorteilhaft zeigt. Nicht zuletzt aufgrund der Parksituation, die sich an der Huhestrasse mittlerweile eingebürgert hat.</p>
<p>Gemeinsam werden wir das hinbekommen, unseren Stadtteil lebens- und liebenswert zu gestalten.</p>
<p>&nbsp;</p>
<p>&nbsp;</p>

<p>Für den Stadtteil ist mir besonders wichtig, die Entwicklung unserer Einkaufsmöglichkeiten. In vielen Gesprächen konnte ich in Erfahrung bringen was den Menschen vor Ort fehlt. Ich habe dahingehend mit den <a class="more-link" href="https://www.oliver-ketzer.de/?page_id=23">[ . . . ]</a></p>
