{"id":30,"date":"2015-02-10T16:44:19","date_gmt":"2015-02-10T16:44:19","guid":{"rendered":"http:\/\/test.oliver-ketzer.de\/?page_id=30"},"modified":"2025-08-24T10:56:15","modified_gmt":"2025-08-24T10:56:15","slug":"startseite","status":"publish","type":"page","link":"https:\/\/www.oliver-ketzer.de\/","title":{"rendered":"Startseite"},"content":{"rendered":"<p>Liebe B\u00fcrgerinnen,<\/p>\n<p>Liebe B\u00fcrger<\/p>\n<p>Ich w\u00fcnsche Ihnen einen sch\u00f6nen guten Tag und begr\u00fc\u00dfe Sie auf meiner Webseite.<\/p>\n<p>Mein Name ist Oliver Ketzer. Seit M\u00e4rz 2025 bin ich Mitglied der CDU im Ortsteil Schonnebeck.<\/p>\n<p>Meine Schwerpunktthemen liegen in den Bereichen der Sozial-, Gesellschafts- und Arbeitsmarktpolitik.<\/p>\n<p>Sie wissen um die finanzielle Situation der Stadt Essen. Das der Handlungsspielraum der Politik angesichts knapper Kassen nicht wirklich gro\u00df ist, das d\u00fcrfte, denke ich, jedem klar sein. Dennoch gibt es einige Punkte f\u00fcr unsere Stadt, aber auch unseren Stadtteil, die umgesetzt werden m\u00fcssen.<\/p>\n<p>Ich m\u00f6chte mich daf\u00fcr einsetzen, das unser Stadtteil liebens- und lebenswert bleibt.<\/p>\n<p>Lassen sie uns dies gemeinsam machen.<\/p>\n<p>Sie k\u00f6nnen sich an der Arbeit f\u00fcr unseren Stadtteil beteiligen, in dem Sie die Linkspartei w\u00e4hlen, indem Sie zu Veranstaltungen wie den B\u00fcrgerversammlungen kommen, mitreden und mitdiskutieren, oder uns an einem unserer zahlreichen St\u00e4nde in Schonnebeck besuchen.<\/p>\n<p>Unser Stadtteil, geht uns alle an und nur wenn wir gemeinsam daran Arbeiten unseren Stadtteil zu gestalten, werden wir unsere Heimat immer etwas lebens- und liebenswerter machen.<\/p>\n<p>Ihr Oliver Ketzer<\/p>\n","protected":false},"excerpt":{"rendered":"<p>Liebe B\u00fcrgerinnen, Liebe B\u00fcrger Ich w\u00fcnsche Ihnen einen sch\u00f6nen guten Tag und begr\u00fc\u00dfe Sie auf meiner Webseite. Mein Name ist Oliver Ketzer. Seit M\u00e4rz 2025 bin ich Mitglied der CDU <a class=\"more-link\" href=\"https:\/\/www.oliver-ketzer.de\/\">[ . . . ]<\/a><\/p>\n","protected":false},"author":1,"featured_media":0,"parent":0,"menu_order":0,"comment_status":"closed","ping_status":"closed","template":"","meta":{"footnotes":""},"class_list":["post-30","page","type-page","status-publish","hentry"],"_links":{"self":[{"href":"https:\/\/www.oliver-ketzer.de\/index.php?rest_route=\/wp\/v2\/pages\/30","targetHints":{"allow":["GET"]}}],"collection":[{"href":"https:\/\/www.oliver-ketzer.de\/index.php?rest_route=\/wp\/v2\/pages"}],"about":[{"href":"https:\/\/www.oliver-ketzer.de\/index.php?rest_route=\/wp\/v2\/types\/page"}],"author":[{"embeddable":true,"href":"https:\/\/www.oliver-ketzer.de\/index.php?rest_route=\/wp\/v2\/users\/1"}],"replies":[{"embeddable":true,"href":"https:\/\/www.oliver-ketzer.de\/index.php?rest_route=%2Fwp%2Fv2%2Fcomments&post=30"}],"version-history":[{"count":5,"href":"https:\/\/www.oliver-ketzer.de\/index.php?rest_route=\/wp\/v2\/pages\/30\/revisions"}],"predecessor-version":[{"id":165,"href":"https:\/\/www.oliver-ketzer.de\/index.php?rest_route=\/wp\/v2\/pages\/30\/revisions\/165"}],"wp:attachment":[{"href":"https:\/\/www.oliver-ketzer.de\/index.php?rest_route=%2Fwp%2Fv2%2Fmedia&parent=30"}],"curies":[{"name":"wp","href":"https:\/\/api.w.org\/{rel}","templated":true}]}}