{"id":9,"date":"2015-02-10T15:01:16","date_gmt":"2015-02-10T15:01:16","guid":{"rendered":"http:\/\/test.oliver-ketzer.de\/?page_id=9"},"modified":"2017-05-10T09:06:21","modified_gmt":"2017-05-10T09:06:21","slug":"gesellschaftspolitik","status":"publish","type":"page","link":"https:\/\/www.oliver-ketzer.de\/?page_id=9","title":{"rendered":"Gesellschaftspolitik"},"content":{"rendered":"<div class=\"field field-name-body field-type-text-with-summary field-label-hidden\">\n<div class=\"field-items\">\n<div class=\"field-item even\">\n<p>Die Gesellschaftspolitik ist sehr vielf\u00e4ltig. Hierzu geh\u00f6ren nicht nur Kinder und \u00e4ltere Menschen.<br \/>\nDiese stehen zwar meist mit Generationen wohnen, Kindertagesst\u00e4tten und Schulen im Vordergrund, jedoch ist die Gesellschaftspolitik sehr viel vielf\u00e4ltiger.<\/p>\n<p>Nat\u00fcrlich muss die Priorit\u00e4t &#8222;Es darf kein Kind zur\u00fcckgelassen werden&#8220; weiterhin gelten und was f\u00fcr NRW gilt, muss f\u00fcr Essen erst recht gelten.<br \/>\nUnsere Bev\u00f6lkerung ist reich an Kulturen, von denen jeder profitieren kann.<br \/>\nUnd bei der Priorit\u00e4t &#8222;Es darf kein Kind zur\u00fcckgelassen werden&#8220; gilt dies selbstverst\u00e4ndlich auch f\u00fcr Kinder aus Familien mit Migrationshintergrund. Nicht die Gr\u00fcnde aus denen eine Familie nach Deutschland gekommen ist ausschlaggebend, sondern vielmehr das sie unsere Stadt bereichern.<\/p>\n<p>Gesellschaftspolitik ist heute nicht nur eine Politik die daf\u00fcr sorgt, das eine Gesellschaft miteinander leben kann, sondern vielmehr die Schaffung der Rahmenbedingung das viele verschiedene Kulturen miteinander Leben k\u00f6nnen. Integration ist nicht mit einem Test des Zuwanderers zu verstehen, sondern mit Toleranz f\u00fcr einander von allen Seiten.<br \/>\nGesellschaftspolitik ist heute eine Politik die Rahmenbedingungen schafft, das der einzelne seinen Lebensentwurf nach seinen Ideen und Vorstellungen umsetzen kann.<\/p>\n<p>Zur Gesellschaftspolitik geh\u00f6rt auch Politik von, f\u00fcr und mit Schwulen, Lesben, Transsexuell, Intersexuelle, Bisexuellen. Auch das sind einzelne Lebensentw\u00fcrfe, die es zu respektieren gilt. Auch hier muss daf\u00fcr Sorge getragen werden, das LSBT orientierte Menschen mit den gleichen Rechten leben k\u00f6nnen wie alle anderen auch.<br \/>\nDas hei\u00dft:<\/p>\n<p>100 %ige Gleichstellung der Lebenspartnerschaften mit der Ehe<br \/>\nVolles Adoptionsrecht<br \/>\nGleiche Aufstiegsm\u00f6glichkeiten im Beruf<br \/>\nUmsetzung der Antidiskriminierungsrichtlinie<\/p>\n<p>Gerade im Bereich LSBT liegt noch eine Menge Arbeit vor uns, die es zu bew\u00e4ltigen gilt..<br \/>\nGesellschaftspolitik f\u00e4ngt im Stadtteil an und zieht sich dann \u00fcber die Kommune, das Land bis in den Bund.<br \/>\nGesellschaftspolitik ist Politik f\u00fcr und mit den Menschen im Stadtteil und hier m\u00f6chte ich mich nachhaltig f\u00fcr ein gutes miteinander einsetzen.<\/p>\n<\/div>\n<\/div>\n<\/div>\n","protected":false},"excerpt":{"rendered":"<p>Die Gesellschaftspolitik ist sehr vielf\u00e4ltig. Hierzu geh\u00f6ren nicht nur Kinder und \u00e4ltere Menschen. Diese stehen zwar meist mit Generationen wohnen, Kindertagesst\u00e4tten und Schulen im Vordergrund, jedoch ist die Gesellschaftspolitik sehr <a class=\"more-link\" href=\"https:\/\/www.oliver-ketzer.de\/?page_id=9\">[ . . . ]<\/a><\/p>\n","protected":false},"author":1,"featured_media":0,"parent":0,"menu_order":0,"comment_status":"closed","ping_status":"closed","template":"","meta":{"footnotes":""},"class_list":["post-9","page","type-page","status-publish","hentry"],"_links":{"self":[{"href":"https:\/\/www.oliver-ketzer.de\/index.php?rest_route=\/wp\/v2\/pages\/9","targetHints":{"allow":["GET"]}}],"collection":[{"href":"https:\/\/www.oliver-ketzer.de\/index.php?rest_route=\/wp\/v2\/pages"}],"about":[{"href":"https:\/\/www.oliver-ketzer.de\/index.php?rest_route=\/wp\/v2\/types\/page"}],"author":[{"embeddable":true,"href":"https:\/\/www.oliver-ketzer.de\/index.php?rest_route=\/wp\/v2\/users\/1"}],"replies":[{"embeddable":true,"href":"https:\/\/www.oliver-ketzer.de\/index.php?rest_route=%2Fwp%2Fv2%2Fcomments&post=9"}],"version-history":[{"count":1,"href":"https:\/\/www.oliver-ketzer.de\/index.php?rest_route=\/wp\/v2\/pages\/9\/revisions"}],"predecessor-version":[{"id":10,"href":"https:\/\/www.oliver-ketzer.de\/index.php?rest_route=\/wp\/v2\/pages\/9\/revisions\/10"}],"wp:attachment":[{"href":"https:\/\/www.oliver-ketzer.de\/index.php?rest_route=%2Fwp%2Fv2%2Fmedia&parent=9"}],"curies":[{"name":"wp","href":"https:\/\/api.w.org\/{rel}","templated":true}]}}